 of 1170 and 1527354.
18
Calculate the greatest common divisor of 142516 and 9322.
158
What is the greatest common factor of 1895111 and 7982?
307
What is the highest common factor of 1770 and 6336450?
30
Calculate the greatest common divisor of 10 and 3656320.
10
Calculate the highest common divisor of 18721 and 684529.
97
Calculate the highest common divisor of 36650160 and 384.
48
Calculate the highest common divisor of 101 and 1184591.
1
Calculate the highest common factor of 1260187621 and 77.
77
Calculate the greatest common factor of 99563347 and 8458.
4229
What is the greatest common factor of 155699404 and 13164?
4388
What is the highest common divisor of 8799816 and 12?
12
Calculate the greatest common factor of 162824002 and 33.
11
What is the highest common factor of 43416 and 412586?
134
What is the greatest common factor of 17210 and 16557741?
1721
What is the greatest common divisor of 516 and 104835548?
172
What is the highest common divisor of 30293775 and 75?
75
Calculate the greatest common divisor of 437 and 915300433.
437
What is the greatest common divisor of 2826001 and 220921?
1277
Calculate the greatest common factor of 34128 and 7343919.
2133
Calculate the highest common divisor of 8956575 and 149850.
2025
What is the highest common factor of 4300222436 and 148?
148
Calculate the highest common divisor of 69230 and 7970.
10
What is the highest common factor of 1886548 and 1064?
76
Calculate the greatest common factor of 610 and 1939753640.
610
Calculate the greatest common divisor of 960 and 2302152.
24
What is the highest common divisor of 2719152 and 20148?
276
Calculate the highest common divisor of 10663494 and 14151.
159
What is the highest common divisor of 808774 and 24?
2
What is the greatest common factor of 167077 and 41?
1
Calculate the highest common divisor of 66 and 236123294.
22
What is the greatest common divisor of 632483 and 3?
1
Calculate the highest common factor of 2488 and 54016657.
311
What is the highest common factor of 46137448 and 2016?
56
Calculate the greatest common divisor of 124775 and 255967.
713
What is the greatest common factor of 2865 and 33493569?
573
What is the greatest common factor of 968340 and 75?
15
Calculate the greatest common factor of 1503 and 173421.
9
Calculate the greatest common factor of 11040 and 918735.
345
What is the greatest common factor of 93 and 8811378?
93
Calculate the greatest common factor of 6686 and 581986213.
3343
What is the greatest common divisor of 6406512 and 42?
42
Calculate the greatest common factor of 30784 and 50463634.
962
Calculate the greatest common factor of 187346 and 2005198.
662
Calculate the highest common factor of 4 and 2484816.
4
Calculate the highest common factor of 8579780 and 6372.
236
Calculate the highest common factor of 9636 and 5281331.
803
Calculate the highest common divisor of 52451675 and 10.
5
What is the greatest common divisor of 171 and 156340512?
171
Calculate the greatest common factor of 75258855 and 5145.
735
What is the highest common divisor of 78256992 and 32912?
1936
Calculate the highest common divisor of 574728 and 1463.
77
What is the highest common divisor of 510 and 3464022?
102
Calculate the greatest common factor of 276501 and 13621.
53
Calculate the greatest common factor of 476133 and 11270.
49
Calculate the greatest common divisor of 54777006 and 54.
54
Calculate the greatest common divisor of 49728712 and 803.
11
Calculate the highest common factor of 152309500 and 3500.
3500
Calculate the highest common divisor of 15487241 and 42812.
10703
What is the highest common divisor of 15021216 and 3024?
1008
Calculate the greatest common factor of 19959 and 31309018.
6653
What is the highest common divisor of 20 and 170253920?
20
Calculate the greatest common factor of 21 and 1032480981.
21
What is the greatest common factor of 111 and 5197953?
3
Calculate the highest common divisor of 51601 and 35552.
11
What is the greatest common factor of 39105 and 49264479?
7821
Calculate the greatest common divisor of 14 and 13832966.
14
What is the highest common factor of 4619194 and 41158?
3166
Calculate the highest common divisor of 35668 and 60236.
148
Calculate the highest common factor of 117355 and 2737.
7
Calculate the greatest common divisor of 59060370 and 30.
30
What is the highest common divisor of 24581 and 191431?
47
Calculate the highest common divisor of 116010900 and 864.
108
Calculate the highest common factor of 25380 and 4820.
20
What is the highest common divisor of 18228 and 63168?
84
Calculate the greatest common factor of 20974030 and 5390.
770
Calculate the greatest common divisor of 2028 and 54205905.
507
What is the greatest common factor of 142726999 and 694?
347
Calculate the highest common factor of 253 and 470.
1
Calculate the greatest common factor of 919424 and 259894.
1306
Calculate the greatest common factor of 107198 and 6252064.
3458
What is the greatest common factor of 16 and 22271?
1
Calculate the greatest common divisor of 27625 and 85627750.
1625
What is the highest common divisor of 158 and 11216?
2
Calculate the greatest common divisor of 11837710 and 500.
10
Calculate the highest common factor of 1190490 and 6635.
5
What is the greatest common factor of 2733834 and 114?
114
What is the greatest common divisor of 58645 and 2960?
185
What is the highest common factor of 306532 and 37430?
394
Calculate the highest common factor of 429527374 and 4334.
394
Calculate the greatest common divisor of 20 and 1988435.
5
What is the greatest common factor of 1054 and 12899736?
34
Calculate the highest common divisor of 764082 and 1530.
306
What is the highest common factor of 92 and 1556433?
23
Calculate the greatest common factor of 132674430 and 3390.
3390
Calculate the greatest common factor of 456394370 and 410.
410
What is the greatest common divisor of 2307000 and 6000?
3000
Calculate the greatest common factor of 25200 and 1310000.
400
Calculate the highest common divisor of 5643 and 2153844.
297
Calculate the greatest common factor of 2727996 and 96.
12
Calculate the greatest common factor of 11060 and 1089963.
553
What is the greatest common factor of 54075 and 27463611?
2163
What is the highest common divisor of 1915074662 and 62?
62
What is the highest common divisor of 611657860 and 15180?
5060
Calculate the greatest common factor of 63787 and 104647.
227
Calculate the highest common divisor of 39796912 and 32.
16
Calculate the greatest common divisor of 616 and 12607364.
308
Calculate the greatest common factor of 1249 and 33925338.
1249
Calculate the highest common factor of 110579 and 140.
7
What is the highest common factor of 23280 and 985130448?
4656
Calculate the greatest common factor of 55562 and 123864794.
4274
Calculate the greatest common divisor of 8580 and 885735.
15
What is the greatest common divisor of 338241222 and 396?
198
Calculate the highest common divisor of 1907030884 and 29436.
9812
What is the highest common divisor of 9834 and 21219?
33
Calculate the greatest common divisor of 321902886 and 5106.
222
Calculate the greatest common factor of 1748 and 324140.
76
What is the greatest common divisor of 460972 and 31596919?
6779
Calculate the greatest common factor of 84 and 9435108.
12
What is the highest common divisor of 73415375 and 1070?
535
Calculate the greatest common factor of 600329 and 2159.
127
What is the highest common factor of 23100 and 209179740?
4620
What is the highest common factor of 96773 and 4727?
29
Calculate the highest common factor of 63941244 and 14664.
564
What is the highest common factor of 7238 and 2042432?
658
What is the highest common divisor of 1491286 and 536?
134
What is the highest common factor of 324 and 47736594?
54
Calculate the highest common divisor of 148911 and 2349147.
3039
What is the highest common divisor of 134150067 and 1161?
1161
What is the greatest common divisor of 578 and 108587398?
34
What is the greatest common factor of 15744916 and 24?
4
Calculate the highest common divisor of 88 and 196025654.
22
What is the highest common divisor of 656 and 19787215?
41
What is the highest common factor of 627290 and 17682?
842
What is the greatest common divisor of 60 and 1908479880?
60
Calcul